
{"id":11900,"date":"2023-12-05T12:49:59","date_gmt":"2023-12-05T11:49:59","guid":{"rendered":"https:\/\/dk-consulting.fr\/test02\/?page_id=11900"},"modified":"2023-12-05T14:53:47","modified_gmt":"2023-12-05T13:53:47","slug":"camera-de-surveillance","status":"publish","type":"page","link":"https:\/\/dk-consulting.fr\/test02\/camera-de-surveillance\/","title":{"rendered":"Cam\u00e9ra de surveillance"},"content":{"rendered":"<section class=\"wpb-content-wrapper\">[mk_page_section bg_color=\u00a0\u00bb#f8d60b\u00a0\u00bb bg_repeat=\u00a0\u00bbno-repeat\u00a0\u00bb min_height=\u00a0\u00bb200&Prime; js_vertical_centered=\u00a0\u00bbtrue\u00a0\u00bb sidebar=\u00a0\u00bbsidebar-8&Prime;][vc_column width=\u00a0\u00bb2\/3&Prime;][mk_padding_divider size=\u00a0\u00bb60&Prime;][mk_fancy_title color=\u00a0\u00bb#000000&Prime; size=\u00a0\u00bb50&Prime; force_font_size=\u00a0\u00bbtrue\u00a0\u00bb size_smallscreen=\u00a0\u00bb40&Prime; size_tablet=\u00a0\u00bb40&Prime; size_phone=\u00a0\u00bb40&Prime; font_weight=\u00a0\u00bbbolder\u00a0\u00bb txt_transform=\u00a0\u00bbuppercase\u00a0\u00bb margin_bottom=\u00a0\u00bb0&Prime; font_family=\u00a0\u00bbnone\u00a0\u00bb]Cam\u00e9ra de surveillance[\/mk_fancy_title][mk_fancy_title size=\u00a0\u00bb20&Prime; force_font_size=\u00a0\u00bbtrue\u00a0\u00bb size_smallscreen=\u00a0\u00bb15&Prime; size_tablet=\u00a0\u00bb15&Prime; size_phone=\u00a0\u00bb15&Prime; font_weight=\u00a0\u00bb400&Prime; font_family=\u00a0\u00bbnone\u00a0\u00bb]Maximiser la protection de votre habitation avec les cam\u00e9ras de surveillance intelligente[\/mk_fancy_title][\/vc_column][vc_column width=\u00a0\u00bb1\/3&Prime;][mk_padding_divider size=\u00a0\u00bb60&Prime;][\/vc_column][\/mk_page_section][mk_page_section layout_structure=\u00a0\u00bbhalf_left\u00a0\u00bb bg_image=\u00a0\u00bbhttps:\/\/dk-consulting.fr\/test02\/wp-content\/uploads\/2023\/12\/background.jpg\u00a0\u00bb bg_color=\u00a0\u00bb#f7f7f7&Prime; min_height=\u00a0\u00bb500&Prime; full_width=\u00a0\u00bbtrue\u00a0\u00bb js_vertical_centered=\u00a0\u00bbtrue\u00a0\u00bb][vc_column][mk_padding_divider size=\u00a0\u00bb50&Prime;][mk_fancy_title tag_name=\u00a0\u00bbh3&Prime; color=\u00a0\u00bb#222222&Prime; size=\u00a0\u00bb36&Prime; font_weight=\u00a0\u00bbbold\u00a0\u00bb txt_transform=\u00a0\u00bbcapitalize\u00a0\u00bb margin_bottom=\u00a0\u00bb0&Prime; font_family=\u00a0\u00bbnone\u00a0\u00bb align=\u00a0\u00bbcenter\u00a0\u00bb]Cam\u00e9ra de surveillance<br \/>\next\u00e9rieure sans fil[\/mk_fancy_title][mk_fancy_title tag_name=\u00a0\u00bbh3&Prime; color=\u00a0\u00bb#222222&Prime; size=\u00a0\u00bb16&Prime; font_weight=\u00a0\u00bb400&Prime; txt_transform=\u00a0\u00bbcapitalize\u00a0\u00bb font_family=\u00a0\u00bbnone\u00a0\u00bb align=\u00a0\u00bbcenter\u00a0\u00bb]la solution la plus efficace[\/mk_fancy_title][mk_image src=\u00a0\u00bbhttps:\/\/dk-consulting.fr\/test02\/wp-content\/uploads\/2023\/12\/camera-sans-fil.jpg\u00a0\u00bb image_size=\u00a0\u00bbfull\u00a0\u00bb align=\u00a0\u00bbcenter\u00a0\u00bb margin_bottom=\u00a0\u00bb20&Prime;][mk_fancy_title tag_name=\u00a0\u00bbh3&Prime; color=\u00a0\u00bb#222222&Prime; size=\u00a0\u00bb36&Prime; font_weight=\u00a0\u00bbbold\u00a0\u00bb txt_transform=\u00a0\u00bbcapitalize\u00a0\u00bb margin_bottom=\u00a0\u00bb0&Prime; font_family=\u00a0\u00bbnone\u00a0\u00bb align=\u00a0\u00bbcenter\u00a0\u00bb]<del>200\u20ac<\/del>\u00a0 180\u20ac[\/mk_fancy_title][mk_button dimension=\u00a0\u00bbflat\u00a0\u00bb size=\u00a0\u00bblarge\u00a0\u00bb url=\u00a0\u00bbhttps:\/\/dk-consulting.fr\/test02\/produit\/camera-de-surveillance-exterieure-sans-fil\/\u00a0\u00bb align=\u00a0\u00bbcenter\u00a0\u00bb margin_bottom=\u00a0\u00bb20&Prime; margin_right=\u00a0\u00bb0&Prime; bg_color=\u00a0\u00bb#000000&Prime; btn_hover_bg=\u00a0\u00bb#ffff63&Prime; btn_hover_txt_color=\u00a0\u00bb#2f2f2f\u00a0\u00bb]Voir le produit[\/mk_button][mk_padding_divider visibility=\u00a0\u00bbvisible-sm\u00a0\u00bb][\/vc_column][\/mk_page_section][mk_page_section layout_structure=\u00a0\u00bbhalf_right\u00a0\u00bb bg_image=\u00a0\u00bbhttps:\/\/dk-consulting.fr\/test02\/wp-content\/uploads\/2023\/12\/about-photo.png\u00a0\u00bb bg_color=\u00a0\u00bb#f7f7f7&Prime; min_height=\u00a0\u00bb960&Prime; full_width=\u00a0\u00bbtrue\u00a0\u00bb js_vertical_centered=\u00a0\u00bbtrue\u00a0\u00bb][vc_column][mk_padding_divider size=\u00a0\u00bb50&Prime;][mk_fancy_title tag_name=\u00a0\u00bbh3&Prime; color=\u00a0\u00bb#222222&Prime; size=\u00a0\u00bb36&Prime; font_weight=\u00a0\u00bbbold\u00a0\u00bb txt_transform=\u00a0\u00bbcapitalize\u00a0\u00bb font_family=\u00a0\u00bbnone\u00a0\u00bb align=\u00a0\u00bbcenter\u00a0\u00bb]Xiaomi Serrure<br \/>\nde porte intelligente[\/mk_fancy_title][mk_image src=\u00a0\u00bbhttps:\/\/dk-consulting.fr\/test02\/wp-content\/uploads\/2023\/12\/produit1.jpg\u00a0\u00bb image_width=\u00a0\u00bb200&Prime; image_height=\u00a0\u00bb200&Prime; align=\u00a0\u00bbcenter\u00a0\u00bb margin_bottom=\u00a0\u00bb20&Prime;][mk_fancy_title tag_name=\u00a0\u00bbh3&Prime; color=\u00a0\u00bb#222222&Prime; size=\u00a0\u00bb36&Prime; font_weight=\u00a0\u00bbbold\u00a0\u00bb txt_transform=\u00a0\u00bbcapitalize\u00a0\u00bb margin_bottom=\u00a0\u00bb0&Prime; font_family=\u00a0\u00bbnone\u00a0\u00bb align=\u00a0\u00bbcenter\u00a0\u00bb]<del>80\u20ac<\/del>\u00a0 60\u20ac[\/mk_fancy_title][mk_button dimension=\u00a0\u00bbflat\u00a0\u00bb size=\u00a0\u00bblarge\u00a0\u00bb url=\u00a0\u00bbhttps:\/\/dk-consulting.fr\/test02\/produit\/camera-de-surveillance-wifi-de-securite-exterieure-etanche\/\u00a0\u00bb align=\u00a0\u00bbcenter\u00a0\u00bb margin_bottom=\u00a0\u00bb20&Prime; margin_right=\u00a0\u00bb0&Prime; bg_color=\u00a0\u00bb#000000&Prime; btn_hover_bg=\u00a0\u00bb#ffff63&Prime; btn_hover_txt_color=\u00a0\u00bb#2f2f2f\u00a0\u00bb]Voir le produit[\/mk_button][mk_padding_divider visibility=\u00a0\u00bbvisible-sm\u00a0\u00bb][\/vc_column][\/mk_page_section][mk_page_section bg_image=\u00a0\u00bbhttps:\/\/dk-consulting.fr\/test02\/wp-content\/uploads\/2023\/10\/data_protection_banner_hands_2.jpeg\u00a0\u00bb bg_position=\u00a0\u00bbcenter center\u00a0\u00bb bg_repeat=\u00a0\u00bbno-repeat\u00a0\u00bb bg_stretch=\u00a0\u00bbtrue\u00a0\u00bb video_color_mask=\u00a0\u00bb#0a0a0a\u00a0\u00bb min_height=\u00a0\u00bb350&Prime; visibility=\u00a0\u00bbhidden-sm\u00a0\u00bb sidebar=\u00a0\u00bbsidebar-1&Prime;][vc_column][mk_padding_divider size=\u00a0\u00bb180&Prime;][mk_fancy_title color=\u00a0\u00bb#ffffff\u00a0\u00bb font_weight=\u00a0\u00bb400&Prime; font_family=\u00a0\u00bbnone\u00a0\u00bb]G\u00e9rer, ouvrir, fermer et contr\u00f4ler de votre logement directement depuis votre smartphone vous n&rsquo;avez plus besoin de cl\u00e9. les serrures connect\u00e9es vous offrent une protection suppl\u00e9mentaire, grandement agr\u00e9able.[\/mk_fancy_title][\/vc_column][\/mk_page_section][vc_row][vc_column][mk_padding_divider size=\u00a0\u00bb180&Prime;][\/vc_column][\/vc_row][vc_row fullwidth=\u00a0\u00bbtrue\u00a0\u00bb][vc_column][mk_image src=\u00a0\u00bbhttps:\/\/dk-consulting.fr\/test02\/wp-content\/uploads\/2023\/12\/logo-version2.png\u00a0\u00bb image_size=\u00a0\u00bbfull\u00a0\u00bb align=\u00a0\u00bbcenter\u00a0\u00bb margin_bottom=\u00a0\u00bb20&Prime;][mk_fancy_title tag_name=\u00a0\u00bbspan\u00a0\u00bb color=\u00a0\u00bb#666666&Prime; size=\u00a0\u00bb18&Prime; font_weight=\u00a0\u00bb400&Prime; txt_transform=\u00a0\u00bbnone\u00a0\u00bb font_family=\u00a0\u00bbnone\u00a0\u00bb align=\u00a0\u00bbcenter\u00a0\u00bb animation=\u00a0\u00bbfade-in\u00a0\u00bb]ACCORDEZ L&rsquo;ACC\u00c8S \u00c0 TOUT MOMENT ET N&rsquo;IMPORTE O\u00d9![\/mk_fancy_title][mk_gallery images=\u00a0\u00bb11227,11228,11229,11230,11231,11232&Prime; column=\u00a0\u00bb6&Prime; image_size=\u00a0\u00bbfull\u00a0\u00bb][mk_padding_divider size=\u00a0\u00bb90&Prime;][\/vc_column][\/vc_row][vc_row fullwidth=\u00a0\u00bbtrue\u00a0\u00bb][vc_column width=\u00a0\u00bb1\/4&Prime;][mk_image src=\u00a0\u00bbhttps:\/\/dk-consulting.fr\/test02\/wp-content\/uploads\/2023\/12\/home-bg-07.png\u00a0\u00bb image_size=\u00a0\u00bbfull\u00a0\u00bb align=\u00a0\u00bbcenter\u00a0\u00bb animation=\u00a0\u00bbfade-in\u00a0\u00bb][mk_fancy_title color=\u00a0\u00bb#222222&Prime; size=\u00a0\u00bb12&Prime; font_weight=\u00a0\u00bbbold\u00a0\u00bb txt_transform=\u00a0\u00bbuppercase\u00a0\u00bb margin_bottom=\u00a0\u00bb0&Prime; font_family=\u00a0\u00bbnone\u00a0\u00bb align=\u00a0\u00bbcenter\u00a0\u00bb]Paiement s\u00e9curis\u00e9[\/mk_fancy_title][mk_padding_divider visibility=\u00a0\u00bbvisible-sm\u00a0\u00bb][\/vc_column][vc_column width=\u00a0\u00bb1\/4&Prime;][mk_image src=\u00a0\u00bbhttps:\/\/dk-consulting.fr\/test02\/wp-content\/uploads\/2023\/12\/home-bg-09.png\u00a0\u00bb image_size=\u00a0\u00bbfull\u00a0\u00bb align=\u00a0\u00bbcenter\u00a0\u00bb animation=\u00a0\u00bbfade-in\u00a0\u00bb][mk_fancy_title color=\u00a0\u00bb#222222&Prime; size=\u00a0\u00bb12&Prime; font_weight=\u00a0\u00bbbold\u00a0\u00bb txt_transform=\u00a0\u00bbuppercase\u00a0\u00bb margin_bottom=\u00a0\u00bb0&Prime; font_family=\u00a0\u00bbnone\u00a0\u00bb align=\u00a0\u00bbcenter\u00a0\u00bb]Livraison rapide[\/mk_fancy_title][mk_padding_divider visibility=\u00a0\u00bbvisible-sm\u00a0\u00bb][\/vc_column][vc_column width=\u00a0\u00bb1\/4&Prime;][mk_image src=\u00a0\u00bbhttps:\/\/dk-consulting.fr\/test02\/wp-content\/uploads\/2023\/12\/home-bg-08.png\u00a0\u00bb image_size=\u00a0\u00bbfull\u00a0\u00bb align=\u00a0\u00bbcenter\u00a0\u00bb animation=\u00a0\u00bbfade-in\u00a0\u00bb][mk_fancy_title color=\u00a0\u00bb#222222&Prime; size=\u00a0\u00bb12&Prime; font_weight=\u00a0\u00bbbold\u00a0\u00bb txt_transform=\u00a0\u00bbuppercase\u00a0\u00bb margin_bottom=\u00a0\u00bb0&Prime; font_family=\u00a0\u00bbnone\u00a0\u00bb align=\u00a0\u00bbcenter\u00a0\u00bb]Produit de qualit\u00e9[\/mk_fancy_title][mk_padding_divider visibility=\u00a0\u00bbvisible-sm\u00a0\u00bb][\/vc_column][vc_column width=\u00a0\u00bb1\/4&Prime;][mk_image src=\u00a0\u00bbhttps:\/\/dk-consulting.fr\/test02\/wp-content\/uploads\/2023\/12\/home-bg-10.png\u00a0\u00bb image_size=\u00a0\u00bbfull\u00a0\u00bb align=\u00a0\u00bbcenter\u00a0\u00bb animation=\u00a0\u00bbfade-in\u00a0\u00bb][mk_fancy_title color=\u00a0\u00bb#222222&Prime; size=\u00a0\u00bb12&Prime; font_weight=\u00a0\u00bbbold\u00a0\u00bb txt_transform=\u00a0\u00bbuppercase\u00a0\u00bb margin_bottom=\u00a0\u00bb0&Prime; font_family=\u00a0\u00bbnone\u00a0\u00bb align=\u00a0\u00bbcenter\u00a0\u00bb]Support en ligne[\/mk_fancy_title][\/vc_column][\/vc_row][vc_row][vc_column][mk_padding_divider size=\u00a0\u00bb100&Prime;][\/vc_column][\/vc_row][mk_page_section bg_image=\u00a0\u00bbhttps:\/\/demos.artbees.net\/jupiter\/labrandeus\/wp-content\/uploads\/sites\/210\/2018\/01\/home-bg-11.png\u00a0\u00bb bg_position=\u00a0\u00bbcenter center\u00a0\u00bb bg_repeat=\u00a0\u00bbno-repeat\u00a0\u00bb bg_stretch=\u00a0\u00bbtrue\u00a0\u00bb min_height=\u00a0\u00bb500&Prime; js_vertical_centered=\u00a0\u00bbtrue\u00a0\u00bb sidebar=\u00a0\u00bbsidebar-1&Prime;][vc_column][mk_fancy_title color=\u00a0\u00bb#222222&Prime; size=\u00a0\u00bb48&Prime; force_font_size=\u00a0\u00bbtrue\u00a0\u00bb size_phone=\u00a0\u00bb32&Prime; font_weight=\u00a0\u00bbbold\u00a0\u00bb txt_transform=\u00a0\u00bbuppercase\u00a0\u00bb margin_bottom=\u00a0\u00bb0&Prime; font_family=\u00a0\u00bbnone\u00a0\u00bb align=\u00a0\u00bbcenter\u00a0\u00bb]Abonnez vous \u00e0 notre newsletter[\/mk_fancy_title][mk_fancy_title tag_name=\u00a0\u00bbspan\u00a0\u00bb color=\u00a0\u00bb#666666&Prime; size=\u00a0\u00bb18&Prime; font_weight=\u00a0\u00bb400&Prime; txt_transform=\u00a0\u00bbnone\u00a0\u00bb font_family=\u00a0\u00bbnone\u00a0\u00bb align=\u00a0\u00bbcenter\u00a0\u00bb]Recevez les nouvelles versions des produits et les promotions.[\/mk_fancy_title][vc_row_inner][vc_column_inner width=\u00a0\u00bb1\/4&Prime;][\/vc_column_inner][vc_column_inner width=\u00a0\u00bb1\/2&Prime;][mk_subscribe placeholder_text=\u00a0\u00bbE-mail\u00a0\u00bb button_text=\u00a0\u00bbENVOYER\u00a0\u00bb gdpr_consent_text=\u00a0\u00bbJ&rsquo;accepte que MIAJI Security collecte mes informations via ce formulaire.\u00a0\u00bb space_between=\u00a0\u00bb10&Prime; subscribe_size=\u00a0\u00bbmedium\u00a0\u00bb btn_bg_color=\u00a0\u00bb#ffff00&Prime; btn_text_color=\u00a0\u00bb#222222&Prime; input_bg_color=\u00a0\u00bb#fafafa\u00a0\u00bb input_placeholder_color=\u00a0\u00bb#222222&Prime; input_border_color=\u00a0\u00bb\u00a0\u00bb btn_hover_bg_color=\u00a0\u00bb#222222&Prime; btn_hover_text_color=\u00a0\u00bb#ffffff\u00a0\u00bb btn_hover_border_color=\u00a0\u00bb#222222&Prime; input_focus_bg_color=\u00a0\u00bb#eaeaea\u00a0\u00bb input_focus_placeholder_color=\u00a0\u00bb#848484&Prime;][\/vc_column_inner][vc_column_inner width=\u00a0\u00bb1\/4&Prime;][\/vc_column_inner][\/vc_row_inner][\/vc_column][\/mk_page_section]\n<\/section>","protected":false},"excerpt":{"rendered":"<p>[mk_page_section bg_color=\u00a0\u00bb#f8d60b\u00a0\u00bb bg_repeat=\u00a0\u00bbno-repeat\u00a0\u00bb min_height=\u00a0\u00bb200&Prime; js_vertical_centered=\u00a0\u00bbtrue\u00a0\u00bb sidebar=\u00a0\u00bbsidebar-8&Prime;][vc_column width=\u00a0\u00bb2\/3&Prime;][mk_padding_divider size=\u00a0\u00bb60&Prime;][mk_fancy_title color=\u00a0\u00bb#000000&Prime; size=\u00a0\u00bb50&Prime; force_font_size=\u00a0\u00bbtrue\u00a0\u00bb size_smallscreen=\u00a0\u00bb40&Prime; size_tablet=\u00a0\u00bb40&Prime; size_phone=\u00a0\u00bb40&Prime; font_weight=\u00a0\u00bbbolder\u00a0\u00bb txt_transform=\u00a0\u00bbuppercase\u00a0\u00bb margin_bottom=\u00a0\u00bb0&Prime; font_family=\u00a0\u00bbnone\u00a0\u00bb]Cam\u00e9ra de surveillance[\/mk_fancy_title][mk_fancy_title size=\u00a0\u00bb20&Prime; force_font_size=\u00a0\u00bbtrue\u00a0\u00bb size_smallscreen=\u00a0\u00bb15&Prime; size_tablet=\u00a0\u00bb15&Prime; size_phone=\u00a0\u00bb15&Prime; font_weight=\u00a0\u00bb400&Prime; font_family=\u00a0\u00bbnone\u00a0\u00bb]Maximiser la protection de votre habitation avec les cam\u00e9ras de surveillance intelligente[\/mk_fancy_title][\/vc_column][vc_column width=\u00a0\u00bb1\/3&Prime;][mk_padding_divider size=\u00a0\u00bb60&Prime;][\/vc_column][\/mk_page_section][mk_page_section layout_structure=\u00a0\u00bbhalf_left\u00a0\u00bb bg_image=\u00a0\u00bbhttps:\/\/dk-consulting.fr\/test02\/wp-content\/uploads\/2023\/12\/background.jpg\u00a0\u00bb bg_color=\u00a0\u00bb#f7f7f7&Prime; min_height=\u00a0\u00bb500&Prime; full_width=\u00a0\u00bbtrue\u00a0\u00bb js_vertical_centered=\u00a0\u00bbtrue\u00a0\u00bb][vc_column][mk_padding_divider size=\u00a0\u00bb50&Prime;][mk_fancy_title tag_name=\u00a0\u00bbh3&Prime; color=\u00a0\u00bb#222222&Prime; size=\u00a0\u00bb36&Prime; font_weight=\u00a0\u00bbbold\u00a0\u00bb txt_transform=\u00a0\u00bbcapitalize\u00a0\u00bb margin_bottom=\u00a0\u00bb0&Prime; font_family=\u00a0\u00bbnone\u00a0\u00bb align=\u00a0\u00bbcenter\u00a0\u00bb]Cam\u00e9ra [&hellip;]<\/p>\n","protected":false},"author":1,"featured_media":0,"parent":0,"menu_order":0,"comment_status":"closed","ping_status":"closed","template":"","meta":{"footnotes":""},"class_list":["post-11900","page","type-page","status-publish","hentry","mk-info-sticky"],"_links":{"self":[{"href":"https:\/\/dk-consulting.fr\/test02\/wp-json\/wp\/v2\/pages\/11900","targetHints":{"allow":["GET"]}}],"collection":[{"href":"https:\/\/dk-consulting.fr\/test02\/wp-json\/wp\/v2\/pages"}],"about":[{"href":"https:\/\/dk-consulting.fr\/test02\/wp-json\/wp\/v2\/types\/page"}],"author":[{"embeddable":true,"href":"https:\/\/dk-consulting.fr\/test02\/wp-json\/wp\/v2\/users\/1"}],"replies":[{"embeddable":true,"href":"https:\/\/dk-consulting.fr\/test02\/wp-json\/wp\/v2\/comments?post=11900"}],"version-history":[{"count":15,"href":"https:\/\/dk-consulting.fr\/test02\/wp-json\/wp\/v2\/pages\/11900\/revisions"}],"predecessor-version":[{"id":11943,"href":"https:\/\/dk-consulting.fr\/test02\/wp-json\/wp\/v2\/pages\/11900\/revisions\/11943"}],"wp:attachment":[{"href":"https:\/\/dk-consulting.fr\/test02\/wp-json\/wp\/v2\/media?parent=11900"}],"curies":[{"name":"wp","href":"https:\/\/api.w.org\/{rel}","templated":true}]}}