
{"id":11364,"date":"2018-01-26T12:42:05","date_gmt":"2018-01-26T12:42:05","guid":{"rendered":"https:\/\/demos.artbees.net\/jupiter\/labrandeus\/?post_type=product&#038;p=11364"},"modified":"2023-12-05T14:49:07","modified_gmt":"2023-12-05T13:49:07","slug":"serrure-biometrique-a-empreintes-digitales-2","status":"publish","type":"product","link":"https:\/\/dk-consulting.fr\/test02\/produit\/serrure-biometrique-a-empreintes-digitales-2\/","title":{"rendered":"Serrure biom\u00e9trique \u00e0 empreintes digitales"},"content":{"rendered":"<p>&nbsp;<\/p>\n<table>\n<tbody>\n<tr>\n<td width=\"302\"><strong>Alimentation<\/strong><\/td>\n<td width=\"302\">Batterie Rechargeable int\u00e9gr\u00e9e<\/td>\n<\/tr>\n<tr>\n<td width=\"302\"><strong>Type De Porte<\/strong><\/td>\n<td width=\"302\">Porte en acier, porte en bois, porte en laiton, porte En acier inoxydable, autre<\/td>\n<\/tr>\n<tr>\n<td width=\"302\"><strong>Caract\u00e9ristiques sp\u00e9ciales<\/strong><\/td>\n<td width=\"302\">Sonnette int\u00e9gr\u00e9e, Cam\u00e9ra int\u00e9gr\u00e9e, Bulit-in Judas, Bulit-in \u00c9cran<\/p>\n<p>&nbsp;<\/td>\n<\/tr>\n<tr>\n<td width=\"302\"><strong>Poign\u00e9e de fonction<\/strong><\/p>\n<p><strong>\u00a0<\/strong><\/td>\n<td width=\"302\">Biom\u00e9trique, Cl\u00e9 et Clavier<\/p>\n<p>&nbsp;<\/td>\n<\/tr>\n<tr>\n<td width=\"302\"><strong>Types d&rsquo;ouvertures<\/strong><\/p>\n<p>&nbsp;<\/td>\n<td width=\"302\">Via l\u2019application, Touches m\u00e9caniques, CARD, Wifi ,mot de passe etc..<\/p>\n<p>&nbsp;<\/td>\n<\/tr>\n<tr>\n<td width=\"302\"><strong>Connectivit\u00e9<\/strong><\/td>\n<td width=\"302\">Wifi<\/p>\n<p>&nbsp;<\/td>\n<\/tr>\n<tr>\n<td width=\"302\"><strong>Chargement<\/strong><\/p>\n<p>&nbsp;<\/td>\n<td width=\"302\">Support USB<\/td>\n<\/tr>\n<tr>\n<td width=\"302\"><strong>Couleur<\/strong><\/p>\n<p><strong>\u00a0<\/strong><\/td>\n<td width=\"302\">Gris, Rose or<\/p>\n<p>&nbsp;<\/td>\n<\/tr>\n<\/tbody>\n<\/table>\n","protected":false},"excerpt":{"rendered":"<p>Serrure connect\u00e9e avec ouverture par empreinte, verrou de s\u00e9curit\u00e9 intelligent pour porte, mot de passe, cl\u00e9 \u00e9lectronique, d\u00e9verrouillage de carte IC, pour tous types de portes pleines d&rsquo;int\u00e9rieur et d&rsquo;ext\u00e9rieur et connect\u00e9 \u00e0 une application pour appareil photo.<\/p>\n","protected":false},"featured_media":11777,"comment_status":"closed","ping_status":"closed","template":"","meta":[],"product_cat":[79],"product_tag":[],"class_list":["post-11364","product","type-product","status-publish","has-post-thumbnail","hentry","product_cat-serrure-connectee","mk-info-sticky"],"_links":{"self":[{"href":"https:\/\/dk-consulting.fr\/test02\/wp-json\/wp\/v2\/product\/11364","targetHints":{"allow":["GET"]}}],"collection":[{"href":"https:\/\/dk-consulting.fr\/test02\/wp-json\/wp\/v2\/product"}],"about":[{"href":"https:\/\/dk-consulting.fr\/test02\/wp-json\/wp\/v2\/types\/product"}],"replies":[{"embeddable":true,"href":"https:\/\/dk-consulting.fr\/test02\/wp-json\/wp\/v2\/comments?post=11364"}],"wp:featuredmedia":[{"embeddable":true,"href":"https:\/\/dk-consulting.fr\/test02\/wp-json\/wp\/v2\/media\/11777"}],"wp:attachment":[{"href":"https:\/\/dk-consulting.fr\/test02\/wp-json\/wp\/v2\/media?parent=11364"}],"wp:term":[{"taxonomy":"product_cat","embeddable":true,"href":"https:\/\/dk-consulting.fr\/test02\/wp-json\/wp\/v2\/product_cat?post=11364"},{"taxonomy":"product_tag","embeddable":true,"href":"https:\/\/dk-consulting.fr\/test02\/wp-json\/wp\/v2\/product_tag?post=11364"}],"curies":[{"name":"wp","href":"https:\/\/api.w.org\/{rel}","templated":true}]}}